e s(-3).
60
Let r(f) = -f**2 - 248*f + 5932. Give r(22).
-8
Let t(j) = -72*j**2 + 89*j + 2. Determine t(1).
19
Let g(b) = 45*b**2 + 273*b + 20. Calculate g(-6).
2
Let u(w) = 172*w + 237. Calculate u(-1).
65
Let r(z) = z - 160. Give r(-7).
-167
Let t(y) = -y**3 + 9*y**2 - 36*y - 10. Give t(7).
-164
Let y(t) = 5*t**2 + 149*t + 243. Determine y(-28).
-9
Let v(m) = 4*m**3 + 44*m**2 - 17*m - 12. What is v(-12)?
-384
Let z(p) = -p**3 + 4*p**2 + 8*p + 1. Calculate z(6).
-23
Let v(d) = d**3 + 8*d**2 - 5*d - 35. Calculate v(-8).
5
Let j(w) = -3*w**3 + 51*w**2 + 2*w - 141. Determine j(17).
-107
Let d(p) = -35*p**3 + 2*p**2 - 7*p + 5. Give d(1).
-35
Let s(g) = g**3 - 13*g**2 - 225*g + 50. Determine s(-10).
0
Let b(z) = -2*z**3 + 3*z**2 + 24*z - 25. What is b(1)?
0
Let w(y) = -y**3 - 7*y**2 - 3*y + 6. Determine w(1).
-5
Let f(s) = -s**3 + 25*s**2 + 22*s + 68. Determine f(26).
-36
Let t(o) = -20*o**3 + 12*o**2 + 14*o - 35. Give t(3).
-425
Let p(d) = d**2 - 23*d - 529. What is p(36)?
-61
Let k(v) = 3*v**3 - 8*v**2 - 5*v + 3. What is k(3)?
-3
Let h(d) = -6*d**2 + 82*d - 80. Give h(13).
-28
Let a(m) = 11*m - 328. Calculate a(30).
2
Let g(n) = -2*n**2 + 51*n + 418. What is g(37)?
-433
Let u(l) = 2062*l + 228885. Give u(-111).
3
Let d(w) = w**2 + 45*w - 1855. Give d(-71).
-9
Let p(d) = -1588*d - 25412. Calculate p(-16).
-4
Let u(a) = -6*a + 247. What is u(30)?
67
Let t(z) = -z**3 + 13*z**2 + 10*z + 2. Calculate t(12).
266
Let h(r) = r**2 - 58*r + 574. Give h(13).
-11
Let i(u) = u**3 + 8*u**2 - u + 12. Give i(-8).
20
Let n(u) = 2*u**2 + 263*u - 516. Give n(-133).
-117
Let f(w) = w - 266. What is f(-8)?
-274
Let f(w) = 18*w + 77. Calculate f(8).
221
Let c(w) = 8*w**2 + 12*w - 3. Calculate c(7).
473
Let k(o) = -53*o**3 + 215*o**2 - 14*o + 7. Calculate k(4).
-1
Let h(z) = -2*z**3 - 107*z**2 - 51*z + 187. Give h(-53).
81
Let t(o) = -2*o**3 - 12*o**2 - 2*o + 25. Determine t(-6).
37
Let y(j) = -j**3 - 23*j**2 - 17*j - 984. Determine y(-24).
0
Let f(k) = -k**3 + 73*k**2 - 520*k + 6. Calculate f(65).
6
Let h(k) = -582*k + 154805. Calculate h(266).
-7
Let g(n) = 13*n**2 + 121*n + 27. Determine g(-9).
-9
Let z(n) = 114*n - 687. Determine z(6).
-3
Let z(k) = 117*k + 778. Give z(-7).
-41
Let t(h) = 5*h**2 + 13*h - 168. Calculate t(-8).
48
Let v(l) = l**3 - 7*l**2 + 58*l + 149. Determine v(-2).
-3
Let q(j) = 267*j + 1587. What is q(-8)?
-549
Let i(s) = -s**3 + 31*s**2 - 70*s + 53. Give i(29).
-295
Let q(a) = 2*a**2 - 143*a - 61. Give q(72).
11
Let i(f) = -6*f - 15. Give i(-1).
-9
Let u(k) = -k**3 + 9*k**2 + 799*k - 225. What is u(33)?
6
Let y(a) = 65*a - 591. Determine y(9).
-6
Let x(f) = 2*f**3 + 7*f**2 + 9*f + 15. Give x(-3).
-3
Let k(i) = 8*i**2 - 45*i + 12. Calculate k(6).
30
Let g(y) = -15*y**2 - 34*y - 14. What is g(-9)?
-923
Let y(j) = j**2 + 8*j + 88. Calculate y(-6).
76
Let x(i) = -5*i**2 - 88*i - 51. Give x(-17).
0
Let q(y) = -y**3 + 9*y**2 - 11*y - 16. Determine q(7).
5
Let w(v) = -80*v + 2255. Determine w(27).
95
Let a(k) = -36*k + 164. Determine a(7).
-88
Let g(m) = 15*m**3 + 107*m**2 + 16*m + 4. What is g(-7)?
-10
Let f(b) = -b**3 + 18*b**2 + 42*b - 15. Calculate f(20).
25
Let i(y) = -2*y**3 - 89*y**2 + 1784*y + 8. Give i(15).
-7
Let t(y) = -y**3 + 13*y**2 + 12*y - 131. What is t(13)?
25
Let r(h) = -h**3 - h**2 + 47*h + 106. Calculate r(-5).
-29
Let w(r) = 7*r**3 + 47*r**2 - 62*r - 358. What is w(-7)?
-22
Let h(c) = -c**2 - 182*c + 6835. What is h(32)?
-13
Let l(n) = 2268*n + 31759. Calculate l(-14).
7
Let h(y) = 83*y + 1343. What is h(-16)?
15
Let l(i) = -69*i + 279. What is l(6)?
-135
Let z(c) = -3*c**2 - 6*c + 423. What is z(-13)?
-6
Let d(t) = -3*t**2 + 11*t + 154. Give d(-7).
-70
Let w(r) = 77*r - 500. Calculate w(8).
116
Let a(i) = 2527*i - 10121. Calculate a(4).
-13
Let q(r) = r**3 + 57*r**2 - 71*r - 187. Calculate q(-58).
567
Let s(g) = 3*g**2 + 29*g + 67. Calculate s(-3).
7
Let v(j) = 4*j**2 + 79*j + 116. Determine v(-18).
-10
Let z(y) = 9*y**2 - 4*y - 1. Determine z(-1).
12
Let s(u) = -u**2 + 41*u + 6213. What is s(102)?
-9
Let u(b) = -82*b**3 + 577*b**2 - 27*b + 32. Calculate u(7).
-10
Let h(a) = -20*a - 38. What is h(14)?
-318
Let b(s) = -21*s**2 + 119*s + 7. Calculate b(6).
-35
Let d(k) = -k**3 + 42*k**2 + 223*k + 268. Determine d(47).
-296
Let s(m) = -8*m**3 + 141*m**2 + 44*m + 183. Calculate s(18).
3
Let b(c) = -4*c**2 - 19*c + 107. What is b(-8)?
3
Let k(y) = -443*y - 204228. Give k(-461).
-5
Let b(a) = 149*a - 7. What is b(-1)?
-156
Let m(t) = 9*t - 573. What is m(61)?
-24
Let n(x) = 4*x - 44. Determine n(39).
112
Let f(x) = -30*x + 8. What is f(0)?
8
Let b(y) = -2*y**3 - 316*y**2 - 929*y + 169. Give b(-155).
14
Let r(c) = -c**3 - 21*c**2 + 52*c - 11. What is r(-23)?
-149
Let i(f) = 56*f**2 + 4747*f + 3617. Give i(-84).
5
Let z(j) = j**2 + 59*j - 174. Determine z(-61).
-52
Let y(w) = -40*w - 416. Give y(-10).
-16
Let k(p) = -p**2 - 59*p - 524. Calculate k(-47).
40
Let z(a) = -3*a**3 - 3*a**2 + 19*a + 58. What is z(-4)?
126
Let q(v) = 23*v + 1082. Calculate q(-47).
1
Let w(v) = 309*v - 145853. What is w(472)?
-5
Let j(q) = 19*q**3 - 106*q**2 + 57*q - 8. Determine j(5).
2
Let m(g) = -g**3 + 13*g**2 + 153*g - 1978. Give m(12).
2
Let h(q) = -q**3 - q**2 + q - 65. Calculate h(-4).
-21
Let w(v) = -2*v**2 - 225*v + 3404. What is w(-126)?
2
Let u(m) = 214*m + 40868. What is u(-191)?
-6
Let z(s) = -9*s + 1139. Calculate z(127).
-4
Let k(g) = 126*g - 194. Calculate k(2).
58
Let j(p) = p**3 - 44*p + 298. Calculate j(0).
298
Let h(d) = 3*d**2 - 74*d + 32. Calculate h(0).
32
Let f(d) = d**3 + 16*d**2 + 88*d + 1090. Determine f(-15).
-5
Let q(w) = -2*w**2 - 30*w + 137. What is q(5)?
-63
Let i(h) = 4045*h - 12130. Calculate i(3).
5
Let n(j) = -64*j - 60. Determine n(-3).
132
Let h(x) = -x**3 - 7*x**2 + 9*x + 22. What is h(-5)?
-73
Let f(l) = -3283*l - 167438. Give f(-51).
-5
Let j(c) = -524*c**2 + 1572*c + 5. What is j(3)?
5
Let z(j) = -j**2 - 73*j - 554. What is z(-64)?
22
Let z(f) = 4*f**2 - 19*f - 128. What is z(-9)?
367
Let f(r) = -2*r**3 + 11*r**2 - 6*r + 14. Determine f(5).
9
Let i(f) = 151*f + 633. Calculate i(-3).
180
Let a(u) = u**2 - 38*u - 56. What is a(38)?
-56
Let d(h) = -h**3 + 13*h**2 + 45*h - 155. Determine d(15).
70
Let q(a) = 145*a + 139. Calculate q(-1).
-6
Let x(v) = v**2 - 71*v - 437. Give x(-7).
109
Let a(v) = -5*v**2 - 11*v - 15. Give a(-1).
-9
Let b(q) = 26*q - 115. Give b(5).
15
Let m(v) = -208*v - 74. What is m(0)?
-74
Let s(t) = -609*t + 12. Determine s(0).
12
Let w(d) = -136*d**2 + 17*d - 2. What is w(0)?
-2
Let j(z) = -3*z - 95. What is j(37)?
-206
Let c(v) = -4*v**3 - 15*v**2 + 28*v + 3. Determine c(-7).
444
Let h(i) = -i**2 - 74*i + 59155. Give h(-283).
8
Let r(h) = -h**2 - 9*h + 108. What is r(-17)?
-28
Let n(o) = 4*o**2 - 92*o + 251. What is n(19)?
-53
Let j(n) = 3*n - 33. Determine j(2).
-27
Let v(z) = -7*z + 48. Give v(4).
20
Let w(m) = -m**3 + 7*m**2 - 7*m - 22. Give w(4).
-2
Let o(q) = -q**3 - 143*q**2 - 141*q + 154. Calculate o(-142).
12
Let a(f) = 33*f**2 - 4309*f + 2478. Calculate a(130).
8
Let s(i) = -432*i - 3012. Determine s(-7).
12
Let i(u) = 1598*u - 9635. What is i(6)?
-47
Let j(s) = -1064*s - 23396. Determine j(-22).
12
Let d(h) = 5*h**3 - 3*h**2 - 54*h + 55. Give d(1).
3
Let c(u) = -2*u**2 - 62*u + 8909. Calculate c(-84).
5
Let x(f) = -44*f + 3952. Determine x(90).
-8
Let p(c) = -830*c**3 - c**2 - 19*c - 20. What is p(-1)?
828
Let p(v) = v**2 + 27*v - 67. Give p(0).
-67
Let f(x) = x**2 - 47*x - 3. Calculate f(14).
-465
Let g(r) = -2*r**3 - 120*r**2 - 5*r - 295. Calculate g(-60).
5
Let x(o) = 15*o - 255. What is x(16)?
-15
Let d(k) = -k**3 + k + 240. What is d(0)?
240
Let b(k) = 2*k**2 + 11*k - 41. Give b(-11).
80
Let v(p) = -p**3 - 8*p**2 - 5*p - 47. Determine v(-10).
203
Let w(r) = 259*r - 2787. What is w(11)?
62
Let u(w) = -50*w - 729. Give u(-18).
171
Let z(f) = 385*f**2 - 1924*f + 6. Calculate z(5).
11
Let q(u) = -u**2 - 12*u + 4309. Determine q(-72).
-11
Let y(x) = 286*x - 1492. Give y(5).
-62
Let q(a) = 13*a**2 + 373*a + 740. Determine q(-2).
46
Let s(c) = -7*c + 79. Determine s(-2).
93
Let v(h) = -2493*h - 9971. Give v(-4).
1
Let r(a) = 3*a**2 - 142*a - 71. Give r(48).
25
Let o(h) = 2*h**2 + 23*h - 150. Calculate o(-16).
-6
Let r(t) = 2*t**3 + 59*t**2 - 34*t - 131. Calculate r(-30).
-11
Let y(h) = 13